m(r) = -13*h(r) - 6*t(r). Let s be m(0). Suppose -5*v + s = -64. List the prime factors of v.
2, 3
Suppose 0 = -j + 5*i + 211, 4*j - 5*i + 347 = 6*j. What are the prime factors of j?
2, 3, 31
Let c = 18 + -3. Let z(o) = c - o + o + o. List the prime factors of z(-7).
2
List the prime factors of ((-3)/2)/((-66)/7216).
2, 41
Let w = -12 - -15. Let m(i) = i + 9. Let h be m(-10). Let n = w + h. List the prime factors of n.
2
Let n(w) = w**2 - 6*w - 5. Let b be n(6). Suppose 1 = -3*a - 2. What are the prime factors of a - -1*2 - b?
2, 3
Suppose -3*s = -2*d - 296 + 97, -5*s + 329 = -2*d. What are the prime factors of s?
5, 13
List the prime factors of (-6)/(-2) + (-104)/(-2).
5, 11
Let x = 21 - 3. Let s = 4 + x. List the prime factors of s.
2, 11
Suppose 5*b = b + 5*r + 254, 3*b - r - 185 = 0. What are the prime factors of b?
61
Suppose 2*o = 5*o - 9. Suppose -o*m + 8*m = -4*y + 13, -5*m + 22 = y. Let g(h) = h + 7. What are the prime factors of g(y)?
2
Let f(a) = a**3. Let j be f(0). Suppose j = -3*g - 5 - 4. What are the prime factors of (-1 - g/(-3)) + 15?
13
List the prime factors of (-1 - 14)*96/(-10).
2, 3
Let m be (-63)/(-14) - (-1)/(-2). Let a be m - (1/(-1))/(-1). Suppose 2*n + a*r - 48 = -n, -5*n + 3*r + 48 = 0. What are the prime factors of n?
2, 3
Suppose 3*x - 48 = -x. Suppose r - x = -2. List the prime factors of r.
2, 5
Suppose 4*w - 2*l = -28, 2*w + 2*l = -0*w - 20. Let f = -3 - w. What are the prime factors of f?
5
Let u(n) = -3*n + 1. Let q be u(-1). Suppose -b + 0 + q = 0. Suppose 0 = 3*m - 44 - b. List the prime factors of m.
2
Suppose 3*h = 4*h - k - 86, 2*k - 248 = -3*h. List the prime factors of h.
2, 3, 7
Let u(n) = -25*n - 21. List the prime factors of u(-6).
3, 43
Let o(t) = t**3 + 8*t**2 - 23*t + 13. List the prime factors of o(-9).
139
Suppose 4*b = q - 10, 3*b - 74 = -5*q + 45. Let z = 34 - q. List the prime factors of z.
2, 3
Suppose 2*y + 0*n + n - 75 = 0, 5*y - 4*n - 168 = 0. What are the prime factors of y?
2, 3
Let h(c) = -5*c - 6. Let w(v) = -v**3 - 8*v**2 + 10*v + 5. Let s be w(-9). List the prime factors of h(s).
2, 7
Let i = -31 + 97. What are the prime factors of i?
2, 3, 11
Suppose 6*m = 3*m - 27. Let l be -2*(0 - m/(-6)). Suppose 3*b + 4*j - 3 + 1 = 0, -5*b - l*j = -18. List the prime factors of b.
2, 3
Let x(p) = -p**3 - 11*p**2 - 13. List the prime factors of x(-12).
131
Suppose 4*h = -h + 35. Let x = h + -6. What are the prime factors of x/(2*(-3)/(-24))?
2
Suppose -2 = -3*w + 4*w. List the prime factors of (-1)/((-4)/(126 + w)).
31
Let o = 4 - 2. Suppose o*s = -0*s + 14. What are the prime factors of s?
7
Let k be ((-102)/9)/(-2)*3. Suppose 3*n - 4*s - 8 = 0, k = 4*n + 4*s - 3. Suppose -4*t - n*q + 24 = -9*q, -5*t + 75 = 5*q. What are the prime factors of t?
11
Let s be (-3 - -6) + 2 + 1. Suppose -2*p - 28 = -s*p. What are the prime factors of p?
7
Suppose f = 5*f - y + 25, 3*f - 3*y + 21 = 0. Let g = f - -3. Let o = 5 + g. What are the prime factors of o?
2
Let i(f) = -3*f + 6. List the prime factors of i(-9).
3, 11
Let g(x) = x**3 + x**2 - x + 16. List the prime factors of g(0).
2
Suppose 2*p + 0 = -6. Let a(i) = -7*i + 10. What are the prime factors of a(p)?
31
Let k(b) = 3*b**3 + 2*b**2 - 1. Let z(g) = -g - 2. Let d be z(0). Let r be (8/(-12))/(d/3). What are the prime factors of k(r)?
2
Let c(t) = t**3 + 5. Let b be c(0). Suppose b*d + 1 - 16 = 0, 4*p = -4*d + 68. List the prime factors of p.
2, 7
Let m be ((-8)/(-5) - 2)*-180. Suppose 0 = -5*k + k + m. What are the prime factors of k?
2, 3
Suppose h - 6 = -1. List the prime factors of h.
5
Let t = -1 - -97. What are the prime factors of t?
2, 3
Let y(h) = h**2 - 4*h. Let o(r) = -2*r**2 + 3*r + 1. Let f(x) = -2*o(x) - 3*y(x). What are the prime factors of f(-8)?
2, 7
Let g(y) = y**2 + 10*y + 11. Let i be g(-9). Suppose i*a + p - 58 = 0, 4*a - 3*p + 4*p - 120 = 0. List the prime factors of a.
31
Let d be 0 + 3 + 4*4. Suppose 3*c = 4*f - 37, f + c = 5*c + d. List the prime factors of f.
7
Let m(d) = 3*d**2 + 11*d - 10. What are the prime factors of m(-7)?
2, 3, 5
Suppose -u + 50 = u. What are the prime factors of u?
5
Let s = 7 - 5. Suppose 0 = -6*u + s*u - 24. Let n(w) = -3*w - 6. List the prime factors of n(u).
2, 3
Suppose -u + 7 + 1 = 0. Let v be (-14)/u*(1 + -5). Suppose 5 = 3*t - v. List the prime factors of t.
2
Suppose 5*l + 35 = 5*c, 3*c + l - 15 = 2. Let d = c - 2. What are the prime factors of d?
2
Let r(x) = 33*x**2 + 4*x - 2. Let k be r(-4). Suppose 0 = 4*c + c + k. List the prime factors of (-4)/6 - c/18.
5
Let b(o) = 9*o. Let s be b(-4). Let k = s - -66. List the prime factors of k.
2, 3, 5
List the prime factors of 8/(-10)*(-160)/8.
2
Let r be 16 - (2 + (-2 - -1)). What are the prime factors of ((-5)/r)/((-1)/57)?
19
Suppose 9*p - 4*p - 85 = 0. Suppose -2*b - 2*g + p = 5, 0 = -g - 4. Suppose -4*y = -2*d - 12, 0*d - b = 5*d. List the prime factors of y.
2
Let q(f) = 10*f - 3. Let w be q(3). Let t = -44 + w. What are the prime factors of (3 - t)/((-6)/(-3))?
2, 5
Let b(n) = -16*n - 2. What are the prime factors of b(-3)?
2, 23
Suppose x + x - 132 = 0. List the prime factors of x.
2, 3, 11
Suppose 6 = -2*y + 12. Suppose y*o - 139 = -52. What are the prime factors of o?
29
Suppose 0 = -2*a + 4*h - 18, 5*a + 7 - 1 = -3*h. Let z = a + 3. Suppose z*t - 8 = -t. What are the prime factors of t?
2
Let v(m) = -14*m - 2. Let y be v(2). List the prime factors of (-318)/y + 4/10.
11
Suppose -7 = -5*n + 3. Let w(j) = -j**3 + 5*j**2 + 2*j - 2. Let z be w(5). Suppose n*q + z = 3*q. What are the prime factors of q?
2
Let u(k) = k**2 - 2*k**2 + 4*k**2 + k**2. List the prime factors of u(1).
2
Suppose -3*t = 2*t - 25. Suppose -t*p - 13 - 17 = -5*o, -2*o = -4*p - 8. List the prime factors of o.
2
Suppose 14*p + 195 - 2407 = 0. What are the prime factors of p?
2, 79
Let k(y) = -y**3 + 4*y**2 - 3*y + 2. Let c be k(3). Suppose 0*l = -c*l + 20. List the prime factors of 1/((l/(-4))/(-5)).
2
Let t(n) = n**2 + 7*n + 33. List the prime factors of t(-5).
23
Let v = -3 + 2. Let u = 0 - v. Suppose f + 48 = 4*o - u, 3*f = -4*o + 45. What are the prime factors of o?
2, 3
Let i(n) = -n**2 - 9*n - 4. Let t be 120/(-18) - (-2)/(-6). What are the prime factors of i(t)?
2, 5
Let a be ((-50)/3)/(2/(-3)). Suppose -5*k - a - 13 = 2*x, 5*k - x + 41 = 0. Let n = -6 - k. List the prime factors of n.
2
Suppose -4*z = 5*n + 2, 5*z = -n - 17 + 4. Suppose 0 = -3*y + 4*g + 12, -y - 2*g + 7*g = -15. What are the prime factors of (8 - -1) + y + z?
2, 3
Let c(g) = 8*g**2 - 2*g. Let d be c(4). Suppose -f = -4*f + d. What are the prime factors of f?
2, 5
Let l(v) = 3*v**2 - 2. Let j be (2/(-2))/(3/9). List the prime factors of l(j).
5
Let w = -30 + 94. Let a = w - 34. What are the prime factors of a?
2, 3, 5
Let k(i) = -i - 3. Let j be 9*1*(-2)/3. Let m be k(j). Suppose m*o + 5 - 20 = 0. What are the prime factors of o?
5
Suppose -l + 2*v = -135, -l - 4*v = -0*l - 105. What are the prime factors of l?
5
Let u(q) = q**2 + 2*q**2 + 2*q**2. Let s(f) = f**3 - 4*f**2 + 5*f - 1. Let h be s(2). List the prime factors of u(h).
5
Suppose 265 = 4*d + d. Suppose -2*x - 9 = -5*h, 0*h - 5*h = x - 18. Suppose -x*y + d = 2*y + k, -5*y = -k - 47. List the prime factors of y.
2, 5
Let o(c) = -c**2 + 8*c + 8. Let g be o(8). List the prime factors of (-72)/(-10) + g/(-40).
7
Suppose -5*j - 17 = 2*b, 2*b + 1 = 3*j + 8. Let c = j + 6. Suppose c = 2*n - n. What are the prime factors of n?
3
What are the prime factors of (-156)/(-2)*3/6?
3, 13
Suppose -271 = -5*g - 4*s + 499, 5*s = 25. Suppose -3*r + 3*p - g = -7*r, 5*r = 3*p + 174. List the prime factors of r.
2, 3
Suppose 4*i - 3*d - 82 = 7, 4*i = -2*d + 74. What are the prime factors of i?
2, 5
Let j = 14 - 23. What are the prime factors of -1 + 2 + -4 - j?
2, 3
Suppose 0*d - 47 = -2*p - 3*d, 0 = 3*p - 3*d - 63. List the prime factors of p.
2, 11
Suppose -2*x + 5*z + 254 = 0, -8*z = 2*x - 5*z - 254. List the prime factors of x.
127
Let j be (-3)/12 - (-46)/(-8). Let r be j/(-4)*8/6. Let o(s) = 3*s**2 - 2*s - 2. List the prime factors of o(r).
2, 3
Let c(k) = 14*k - 1. Let h(l) = 2*l + 4. Let w be h(-4). Let f be (-2)/w - (-2)/4. What are the prime factors of c(f)?
13
Let w(d) = -5*d**3 - d**2 - 2*d - 15. Let a(i) = i**2 - 3*i**3 - 7 - i - 2*i**2 + i**3. L